{"id":244,"date":"2025-05-11T16:31:29","date_gmt":"2025-05-11T14:31:29","guid":{"rendered":"https:\/\/alexandreneophytou.fr\/?page_id=244"},"modified":"2025-05-11T21:00:42","modified_gmt":"2025-05-11T19:00:42","slug":"244-2","status":"publish","type":"page","link":"https:\/\/alexandreneophytou.fr\/index.php\/244-2\/","title":{"rendered":"Mentions l\u00e9gales"},"content":{"rendered":"\n<h1 class=\"wp-block-heading\">Mentions l\u00e9gales<\/h1>\n\n\n\n<h2 class=\"wp-block-heading\">Informations relatives \u00e0 l&#8217;entreprise<\/h2>\n\n\n\n<p>Nom Soci\u00e9t\u00e9\/Entreprise :&nbsp; Alexandre Neophytou<br>Repr\u00e9sent\u00e9e par :&nbsp; Alexandre Neophytou<br>Adresse du si\u00e8ge social : 37 RUE de l&#8217;Esterel 31400 Toulouse FRANCE<\/p>\n\n\n\n<p>N\u00b0 SIRET : 94179220200017<br>Montant du capital social : 0<br>Forme Sociale : E.I<br>Directeur de la publication : Alexandre Neophytou<\/p>\n\n\n\n<p>Email : alexandre.neophytou@gmail.com<br>T\u00e9l. :\u00a0 06 77 36 95 16 <\/p>\n\n\n\n<h2 class=\"wp-block-heading\"><strong>Propri\u00e9t\u00e9 intellectuelle<\/strong><\/h2>\n\n\n\n<p>Les contenus, les marques et les logotypes figurant sur le site constituent des signes d\u00e9pos\u00e9s par l\u2019Editeur ou par des tiers\/partenaires et prot\u00e9g\u00e9s au titre du droit des marques. Toute reproduction, imitation ou usage, total ou partiel, de ces signes distinctifs sans l\u2019autorisation expresse de l\u2019Editeur et en violation des interdictions pr\u00e9vues aux articles L.713-2 et suivants du Code la propri\u00e9t\u00e9 intellectuelle engage la responsabilit\u00e9 de leur auteur au titre d\u2019actes de contrefa\u00e7on.<\/p>\n\n\n\n<p>Les autres signes distinctifs, notamment les d\u00e9nominations sociales, noms commerciaux, enseignes, noms de domaine reproduits sur le site sont la propri\u00e9t\u00e9 de l\u2019Editeur ou de tiers\/partenaires, et toute reproduction sans autorisation expresse de l\u2019Editeur est susceptible d\u2019engager la responsabilit\u00e9 civile de son auteur sur le fondement de l\u2019article 1240 du Code civil.<\/p>\n\n\n\n<p>Il en est de m\u00eame des \u00e9ventuelles bases de donn\u00e9es figurant sur le site Internet qui sont prot\u00e9g\u00e9es par les dispositions de la loi du 11 juillet 1998 portant transposition dans le Code de la propri\u00e9t\u00e9 intellectuelle (CPI) de la directive europ\u00e9enne du 11 mars 1996 relative \u00e0 la protection juridique des bases de donn\u00e9es.<\/p>\n\n\n\n<p>Les liens hypertextes mis en place dans le cadre du site Internet en direction d\u2019autres ressources pr\u00e9sentes sur le r\u00e9seau de l\u2019Internet, et notamment vers ses partenaires ont fait l\u2019objet d\u2019une autorisation pr\u00e9alable expresse. Toute information accessible via un lien hypertexte n\u2019est pas publi\u00e9e par l\u2019Editeur du pr\u00e9sent site, celui-ci ne disposant d\u2019aucun droit portant sur les contenus mis en ligne \u00e0 travers lesdits liens.<\/p>\n\n\n\n<p>Aucun lien hypertexte menant au Site ne peut \u00eatre activ\u00e9 sans l\u2019autorisation expresse et pr\u00e9alable de l\u2019Editeur.<\/p>\n\n\n\n<h2 class=\"wp-block-heading\"><strong>Responsabilit\u00e9<\/strong><\/h2>\n\n\n\n<p><strong>&nbsp;<\/strong>La responsabilit\u00e9 de l\u2019Editeur ne peut \u00eatre engag\u00e9e en cas de d\u00e9faillance, panne ou interruption emp\u00eachant l\u2019acc\u00e8s au Site ou limitant son usage.<\/p>\n\n\n\n<p>Le mat\u00e9riel de connexion et de navigation utilis\u00e9 rel\u00e8ve de la seule responsabilit\u00e9 de son utilisateur, lequel doit prendre toutes les mesures appropri\u00e9es pour prot\u00e9ger son mat\u00e9riel, s\u2019agissant notamment d\u2019attaques virales.<\/p>\n\n\n\n<p>L\u2019Editeur d\u00e9cline toute responsabilit\u00e9 r\u00e9sultant d\u2019une intrusion frauduleuse d\u2019un tiers ayant entra\u00een\u00e9 une modification des informations pr\u00e9sent\u00e9es sur le Site.<\/p>\n\n\n\n<h2 class=\"wp-block-heading\"><strong>Utilisation des cookies<\/strong><\/h2>\n\n\n\n<p>Dur\u00e9e de conservation des cookies :<br>Conform\u00e9ment aux recommandations de la CNIL, la dur\u00e9e maximale de conservation des cookies est de 13 mois au maximum apr\u00e8s leur premier d\u00e9p\u00f4t dans le terminal de l\u2019Utilisateur, tout comme la dur\u00e9e de la validit\u00e9 du consentement de l\u2019Utilisateur \u00e0 l\u2019utilisation de ces cookies.<br>La dur\u00e9e de vie des cookies n\u2019est pas prolong\u00e9e \u00e0 chaque visite. Le consentement de l\u2019Utilisateur devra donc \u00eatre renouvel\u00e9 \u00e0 l\u2019issue de ce d\u00e9lai.<\/p>\n\n\n\n<p>Finalit\u00e9 cookies :<br>Les cookies peuvent \u00eatre utilis\u00e9s pour des fins statistiques notamment pour optimiser les services rendus \u00e0 l\u2019Utilisateur, \u00e0 partir du traitement des informations concernant la fr\u00e9quence d\u2019acc\u00e8s, la personnalisation des pages ainsi que les op\u00e9rations r\u00e9alis\u00e9es et les informations consult\u00e9es.<br>Vous \u00eates inform\u00e9 que l\u2019\u00c9diteur est susceptible de d\u00e9poser des cookies sur votre terminal.<br>Le cookie enregistre des informations relatives \u00e0 la navigation sur le service (les pages que vous avez consult\u00e9es, la date et l\u2019heure de la consultation\u2026) que nous pourrons lire lors de vos visites ult\u00e9rieures<\/p>\n\n\n\n<p>Droit de l\u2019Utilisateur de refuser les cookies :<br>Vous reconnaissez avoir \u00e9t\u00e9 inform\u00e9 que l\u2019\u00c9diteur peut avoir recours \u00e0 des cookies. Si vous ne souhaitez pas que des cookies soient utilis\u00e9s sur votre terminal, la plupart des navigateurs vous permettent de d\u00e9sactiver les cookies en passant par les options de r\u00e9glage.<\/p>\n\n\n\n<p><\/p>\n\n\n\n<p>Pas de conservation des donn\u00e9es :<br>Nous ne conservons aucune donn\u00e9e personnelle au-del\u00e0 de votre dur\u00e9e de connexion au service pour les finalit\u00e9s d\u00e9crites dans les pr\u00e9sentes Politique de confidentialit\u00e9.<\/p>\n\n\n\n<p>Suppression des donn\u00e9es apr\u00e8s suppression du compte :<br>Des moyens de purge de donn\u00e9es sont mis en place afin d\u2019en pr\u00e9voir la suppression effective d\u00e8s lors que la dur\u00e9e de conservation ou d\u2019archivage n\u00e9cessaire \u00e0 l\u2019accomplissement des finalit\u00e9s d\u00e9termin\u00e9es ou impos\u00e9es est atteinte. Conform\u00e9ment \u00e0 la loi n\u00b078-17 du 6 janvier 1978 relative \u00e0 l\u2019informatique, aux fichiers et aux libert\u00e9s, vous disposez par ailleurs d\u2019un droit de suppression sur vos donn\u00e9es que vous pouvez exercer \u00e0 tout moment en prenant contact avec l\u2019\u00c9diteur \u00e0 l\u2019adresse suivante : spectacles@pierredivertito.fr<\/p>\n\n\n\n<p>Suppression des donn\u00e9es apr\u00e8s 3 ans d\u2019inactivit\u00e9 :<br>Pour des raisons de s\u00e9curit\u00e9, si vous ne vous \u00eates pas authentifi\u00e9 sur le Site pendant une p\u00e9riode de trois ans, vos donn\u00e9es seront supprim\u00e9es de nos bases de donn\u00e9es.<\/p>\n","protected":false},"excerpt":{"rendered":"<p>Mentions l\u00e9gales Informations relatives \u00e0 l&#8217;entreprise Nom Soci\u00e9t\u00e9\/Entreprise :&nbsp; Alexandre NeophytouRepr\u00e9sent\u00e9e par :&nbsp; Alexandre NeophytouAdresse du si\u00e8ge social : 37 RUE de l&#8217;Esterel 31400 Toulouse FRANCE N\u00b0 SIRET : 94179220200017Montant du capital social : 0Forme Sociale : E.IDirecteur de la publication : Alexandre Neophytou Email : alexandre.neophytou@gmail.comT\u00e9l. :\u00a0 06 77 36 95 16 Propri\u00e9t\u00e9 intellectuelle [&hellip;]<\/p>\n","protected":false},"author":1,"featured_media":0,"parent":0,"menu_order":0,"comment_status":"closed","ping_status":"closed","template":"page-with-left-sidebar","meta":{"footnotes":""},"class_list":["post-244","page","type-page","status-publish","hentry"],"_links":{"self":[{"href":"https:\/\/alexandreneophytou.fr\/index.php\/wp-json\/wp\/v2\/pages\/244","targetHints":{"allow":["GET"]}}],"collection":[{"href":"https:\/\/alexandreneophytou.fr\/index.php\/wp-json\/wp\/v2\/pages"}],"about":[{"href":"https:\/\/alexandreneophytou.fr\/index.php\/wp-json\/wp\/v2\/types\/page"}],"author":[{"embeddable":true,"href":"https:\/\/alexandreneophytou.fr\/index.php\/wp-json\/wp\/v2\/users\/1"}],"replies":[{"embeddable":true,"href":"https:\/\/alexandreneophytou.fr\/index.php\/wp-json\/wp\/v2\/comments?post=244"}],"version-history":[{"count":7,"href":"https:\/\/alexandreneophytou.fr\/index.php\/wp-json\/wp\/v2\/pages\/244\/revisions"}],"predecessor-version":[{"id":303,"href":"https:\/\/alexandreneophytou.fr\/index.php\/wp-json\/wp\/v2\/pages\/244\/revisions\/303"}],"wp:attachment":[{"href":"https:\/\/alexandreneophytou.fr\/index.php\/wp-json\/wp\/v2\/media?parent=244"}],"curies":[{"name":"wp","href":"https:\/\/api.w.org\/{rel}","templated":true}]}}